Let v = -98 + 51. Let o = 58 + v. What is the highest common divisor of o and 11?
11
Let c = 142 - 62. Suppose 3*b - c = -5*b. Let v = -134 + 244. Calculate the highest common divisor of b and v.
10
Let k be 0*(-4)/32 - (-3 - 24). Calculate the greatest common factor of 774 and k.
9
Let v(a) = 20*a**2 - a + 7. Let w be v(1). Calculate the greatest common factor of 832 and w.
26
Suppose -4*q - 5*n + 64 = 0, 5*q - 5*n = -2*n + 117. Let c = -16 + q. Let l = c + 4. What is the greatest common factor of l and 27?
9
Suppose -q + 170 + 17 = 0. Let m = q - -14. Let i = m + -111. Calculate the greatest common factor of i and 36.
18
Let g = -1139 + 1580. Calculate the greatest common divisor of g and 14.
7
Suppose -4*l - 1 = -5*o, -2*o + l - 198 = -199. Let s(p) = -6*p + 2. Let n be s(3). Let w = -8 - n. What is the highest common factor of w and o?
1
Suppose 40*l - 948 = 332. Let s be (-3)/((-15)/(-2))*-560. Calculate the highest common divisor of s and l.
32
Suppose 2*z + 3*h = -40, 3*z + 12 = 4*h - 82. Let n = z - 13. Let k = -23 - n. What is the greatest common divisor of 16 and k?
16
Let g be (4640/(-192))/(2/(-12)). Calculate the highest common factor of g and 15.
5
Let o(r) = -r - 5. Let v be o(-9). Suppose -t + v*t - 15 = 0. Suppose z - 2*f = t + 3, -3*z = -3*f - 18. What is the greatest common factor of z and 36?
4
Let i(n) = 9 + 48*n**2 - 29*n**2 + 2*n - 18*n**2. Let h be i(-5). Calculate the greatest common divisor of h and 32.
8
Suppose 2*u = -2*q + 76, 0 = -q - 5 + 9. Suppose u = 3*k - k. Calculate the highest common factor of 34 and k.
17
Let o be 4/(-18) - ((-1010)/90 + 0). Calculate the greatest common divisor of o and 5.
1
Suppose 12 = 4*r, 0*t = 4*t + 5*r - 55. Let j(c) = 23*c**2 + c. Let y(l) = l - 1. Let q be y(-1). Let i be j(q). What is the highest common divisor of i and t?
10
Let h(u) = 11*u**2 - u + 4. Let l be h(4). Suppose v + 0*v = -5*d + 345, 4*d = -5*v + 255. Let m = d + -54. Calculate the highest common divisor of m and l.
16
Let u = -19 + 28. Let o(g) = -g**2 - g + 81. Let k = 8 + -8. Let z be o(k). Calculate the greatest common factor of u and z.
9
Suppose -109*w - 4477 = -120*w. What is the highest common divisor of 37 and w?
37
Suppose -38*a + 184 = -34*a. Calculate the highest common factor of a and 184.
46
Let m = 16 - 28. Let n = 14 + m. Let b be 464/80 - n/(-10). What is the greatest common factor of 30 and b?
6
Suppose -5*w + 9*u - 8*u = -1045, 4*w + 2*u - 850 = 0. Calculate the highest common divisor of w and 42.
42
Let v(g) be the first derivative of -g**3/3 + 14*g**2 - 49*g + 4. Let f be v(26). Calculate the highest common divisor of f and 1.
1
Let z = 81 - 65. What is the highest common divisor of z and 1424?
16
Let l(g) = 4*g - 26. Let s be (-27)/(-18)*(-26)/(-3). Let x be l(s). Calculate the highest common divisor of 234 and x.
26
Let w(m) = -2*m**3 + 2*m**2 - 9*m - 6. Let n be w(-3). Calculate the greatest common divisor of n and 3.
3
Let s(z) = 2*z**3 - 20*z**2 - 11*z - 11. Let n be s(11). Suppose -2*f - 2*f = 0. Let k be f - (1 - (1 - -44)). Calculate the greatest common divisor of n and k.
22
Let q = 38 + -111. Let n = q - -97. Calculate the greatest common factor of n and 32.
8
Suppose -31*a + 24 = -27*a. Let t be (7/((-42)/a))/((-2)/58). What is the highest common divisor of 319 and t?
29
Let c = 36 - 28. Suppose o - 6 = 4*y + 8, -2*y = 4*o + 16. Let w be 716/18 + o/(-9). Calculate the highest common divisor of w and c.
8
Let r be -3*6/(12/(-82)). Calculate the greatest common divisor of 41 and r.
41
Suppose -7*i + 1642 = -458. Suppose -p + i = 5*p. What is the highest common factor of p and 25?
25
Suppose 0 = -24*d + 440 + 184. What is the highest common factor of d and 14?
2
Let j be -3 + 1 + -1 - -5. Let x(n) = n + 12. Let k be x(-8). Suppose -5*w - 2 = -k*p - 0*w, -4*w + 23 = 5*p. Calculate the highest common divisor of p and j.
1
Suppose 0 = 3*u - t - 96, 0 = 4*u - 5*u + 4*t + 21. Suppose 0*f + 656 = 5*y - f, -3*f - 252 = -2*y. Calculate the greatest common divisor of u and y.
33
Let z(f) = -2*f - 18. Let h be z(-8). Let b(d) = -3*d**3 + 4*d**2 + 3*d + 1. Let m be b(h). What is the greatest common divisor of 14 and m?
7
Let d = 31 - 26. Suppose d*o = -2*z + 338, 3*z - 2*z - 171 = -2*o. Let p = 379 - z. What is the greatest common divisor of p and 80?
40
Let w = -365 - -383. What is the greatest common factor of w and 324?
18
Suppose -4*p + 9*w + 67 - 41 = 0, -2*p = -w - 34. Suppose -4*k = 5*i - 912, -3*i - 4*k = -278 - 274. What is the highest common divisor of p and i?
20
Suppose 0 = 6*a - a + 55. Let q = a - -92. Let s = 123 - q. What is the greatest common factor of s and 28?
14
Let j = -755 + 821. Calculate the greatest common divisor of 24 and j.
6
Suppose 7*g - 35 = 2*g. Suppose -t - g = 2. Let f = t + 15. Calculate the highest common divisor of f and 15.
3
Suppose 0 = -31*t + 1 - 63. Let a = -5 + -5. Let y be a/(-5) - t*43. What is the greatest common factor of y and 22?
22
Let z = -69 - -79. Suppose 5*y - z*y = -165. Calculate the highest common factor of 22 and y.
11
Let q = 98 - 94. Suppose -3*s + w + 259 = 0, 0 = q*s + 2*w - 0*w - 342. Calculate the greatest common divisor of 43 and s.
43
Suppose 5*s - 25 = o, 4*o + 17 + 19 = 4*s. Let x be ((-360)/16)/((-3)/s). Calculate the highest common factor of x and 75.
15
Let r(j) = -3*j**3 - 6*j**2 - 6*j - 1. Let b be r(-4). Let c(y) = -y**2 + 30*y - 39. Let p be c(28). Calculate the highest common divisor of b and p.
17
Let h(d) = 7*d**2 - 7*d + 4. Let r be h(2). Let c be 54/10 - (-15)/25. Calculate the greatest common divisor of c and r.
6
Suppose 0*l + 105 = -3*l. Let a = l - -37. Calculate the greatest common divisor of a and 18.
2
Suppose 21 = s + 2*s. Suppose -s*j = 9*j - 3648. What is the greatest common factor of 12 and j?
12
Suppose -52*s + 156*s = 2392. What is the greatest common divisor of 69 and s?
23
Let x(v) = -v**3 + 6*v**2 + 7*v - 6. Suppose 0*l + 5*l - 30 = 0. Let y be l - -2*3/(-6). Let t be x(y). What is the highest common divisor of 6 and t?
6
Let y be -4 + 1 - (83 + -128). What is the highest common divisor of y and 105?
21
Let u(s) = 2*s**2 + 7*s + 3. Let b(n) = n**2 + 4*n + 8. Let o be b(-4). Let i be u(o). What is the greatest common divisor of i and 17?
17
Suppose 4568 = 9*k + 1571. Calculate the greatest common factor of 9 and k.
9
Suppose 2*l = 5*u - 200, -5*u + 4*u - 2*l = -28. Suppose 4*s = -10 + 86. Calculate the greatest common divisor of s and u.
19
Suppose 37*g + 183 = 40*g. Let c = g + -44. What is the highest common factor of c and 68?
17
Let b(r) = r**2 - 22*r + 8. Let f be b(22). What is the highest common divisor of f and 88?
8
Let v be (456/(-72))/((-1)/27). What is the highest common divisor of 228 and v?
57
Let f = -72 - -312. Suppose f + 0 = 4*v. Calculate the greatest common factor of 40 and v.
20
Suppose 3*v = j + 2*j + 198, 4*j - 321 = -5*v. Let y = -62 + v. Calculate the greatest common divisor of y and 1.
1
Let k = 382 + -116. Calculate the greatest common divisor of k and 494.
38
Suppose 5*z = 3*k - 0*k + 350, -z = 5*k - 70. Calculate the highest common divisor of z and 210.
70
Let u be 246/21 + (-12)/(-42). Suppose 0 = 4*l + 4*t - 40, 5*l = 3*l - 3*t + 18. What is the greatest common factor of u and l?
12
Let f(y) = -y**2 + 9*y - 10. Let a be f(7). Let s = -42 + 54. What is the highest common factor of s and a?
4
Let s(x) = -x**3 + 13*x**2 - 12*x - 90. Let f be s(11). Calculate the greatest common factor of 12 and f.
4
Let w = -649 - -656. Suppose 3*a - 84 = -3*a. What is the greatest common divisor of a and w?
7
Suppose 4*a - z - 147 = 139, 2*z = -4. What is the highest common factor of a and 1?
1
Let u(d) = 2*d + 3. Let p be u(6). Suppose h - 23 = 11. Suppose 151 = 5*y - r, 2*y + 2*r - 24 = h. Calculate the greatest common divisor of p and y.
15
Suppose -12 = z - 32. Let q(y) = y**3 + 10. Let x be q(0). What is the greatest common factor of z and x?
10
Suppose 2*c = 2*o + 3*o - 1155, 2*o - 462 = c. Calculate the highest common divisor of 33 and o.
33
Suppose 70 = 9*k - 2. What is the greatest common divisor of 56 and k?
8
Let z be 11/3 - (-2)/(-3). Let d be 5 + z + 1 + -4. Suppose -34 = 3*h - 199. What is the greatest common factor of d and h?
5
Let b be -155*70/280*(-3 - 1). Calculate the